{"id":10898,"date":"2014-11-07T20:49:44","date_gmt":"2014-11-07T18:49:44","guid":{"rendered":"http:\/\/seifried.fabianscheurich.alfahosting.org\/?page_id=10898"},"modified":"2020-03-19T16:11:21","modified_gmt":"2020-03-19T15:11:21","slug":"unternehmen","status":"publish","type":"page","link":"https:\/\/www.autotechnik-seifried.com\/?page_id=10898","title":{"rendered":"Unternehmen"},"content":{"rendered":"<div class=\"fusion-one-half one_half fusion-column\"><div class=\"fusion-title title\"><h1 class=\"title-heading-left\">Die Autotechnik Seifried GmbH<\/h1><div class=\"title-sep-container\"><div class=\"title-sep sep-single\"><\/div><\/div><\/div>Unser Unternehmen wurde im Februar 1993 im Unternehmensverbund der D\u00f6rr Gruppe Heizung L\u00fcftung Sanit\u00e4r gegr\u00fcndet.<\/p>\n<p>Wir waren f\u00fcr den gesamten Fuhrpark der Unternehmensgruppe D\u00f6rr t\u00e4tig.<\/p>\n<p>Dies beinhaltete Leasinggesch\u00e4fte, Fahrzeugbeschaffung, Fahrzeuginstandhaltung, Werbung und Instandsetzung von Unfallsch\u00e4den.<\/p>\n<p>Umfirmierung 1996 in Autotechnik Seifried GmbH und Neuausrichtung des Unternehmens<\/p>\n<p>\u2192 Fahrzeugreparatur aller Art, Unfallinstandsetzung, Neu\u00ad und Gebrauchtwagenhandel<\/p>\n<p>2001\/2002: Umbauma\u00dfnahme B\u00fcro und Kundenwartezone, Kundenparkplatz, Direktannahme, Waschplatz, Werkstattarbeitspl\u00e4tze.<\/p>\n<p>Wir haben uns erfolgreich auf dem Markt etabliert und haben unseren Neuwagenhandel mit EU-\u00adFahrzeuge erweitert.<\/div><div class=\"fusion-one-half one_half fusion-column last\"><style type=\"text\/css\">.imageframe-1 img{border:0px solid #f6f6f6;}<\/style><span style class=\"fusion-imageframe imageframe imageframe-dropshadow imageframe-1\"><a href=\"\/wp-content\/uploads\/2014\/11\/autohaus.jpg\" class=\"lightbox-shortcode\" rel=\"prettyPhoto\"> <img alt=\"\" src=\"\/wp-content\/uploads\/2014\/11\/autohaus.jpg\"><\/a><\/span><\/div><div class=\"fusion-clearfix\"><\/div>\n","protected":false},"excerpt":{"rendered":"","protected":false},"author":1,"featured_media":0,"parent":0,"menu_order":0,"comment_status":"open","ping_status":"open","template":"","meta":[],"_links":{"self":[{"href":"https:\/\/www.autotechnik-seifried.com\/index.php?rest_route=\/wp\/v2\/pages\/10898"}],"collection":[{"href":"https:\/\/www.autotechnik-seifried.com\/index.php?rest_route=\/wp\/v2\/pages"}],"about":[{"href":"https:\/\/www.autotechnik-seifried.com\/index.php?rest_route=\/wp\/v2\/types\/page"}],"author":[{"embeddable":true,"href":"https:\/\/www.autotechnik-seifried.com\/index.php?rest_route=\/wp\/v2\/users\/1"}],"replies":[{"embeddable":true,"href":"https:\/\/www.autotechnik-seifried.com\/index.php?rest_route=%2Fwp%2Fv2%2Fcomments&post=10898"}],"version-history":[{"count":6,"href":"https:\/\/www.autotechnik-seifried.com\/index.php?rest_route=\/wp\/v2\/pages\/10898\/revisions"}],"predecessor-version":[{"id":11190,"href":"https:\/\/www.autotechnik-seifried.com\/index.php?rest_route=\/wp\/v2\/pages\/10898\/revisions\/11190"}],"wp:attachment":[{"href":"https:\/\/www.autotechnik-seifried.com\/index.php?rest_route=%2Fwp%2Fv2%2Fmedia&parent=10898"}],"curies":[{"name":"wp","href":"https:\/\/api.w.org\/{rel}","templated":true}]}}

<div class="fusion-one-half one_half fusion-column"><div class="fusion-title title"><h1 class="title-heading-left">Die Autotechnik Seifried GmbH</h1><div class="title-sep-container"><div class="title-sep sep-single"></div></div></div>Unser Unternehmen wurde im Februar 1993 im Unternehmensverbund der Dörr Gruppe Heizung Lüftung Sanitär gegründet.</p>
<p>Wir waren für den gesamten Fuhrpark der Unternehmensgruppe Dörr tätig.</p>
<p>Dies beinhaltete Leasinggeschäfte, Fahrzeugbeschaffung, Fahrzeuginstandhaltung, Werbung und Instandsetzung von Unfallschäden.</p>
<p>Umfirmierung 1996 in Autotechnik Seifried GmbH und Neuausrichtung des Unternehmens</p>
<p>→ Fahrzeugreparatur aller Art, Unfallinstandsetzung, Neu­ und Gebrauchtwagenhandel</p>
<p>2001/2002: Umbaumaßnahme Büro und Kundenwartezone, Kundenparkplatz, Direktannahme, Waschplatz, Werkstattarbeitsplätze.</p>
<p>Wir haben uns erfolgreich auf dem Markt etabliert und haben unseren Neuwagenhandel mit EU-­Fahrzeuge erweitert.</div><div class="fusion-one-half one_half fusion-column last"><style type="text/css">.imageframe-1 img{border:0px solid #f6f6f6;}</style><span style class="fusion-imageframe imageframe imageframe-dropshadow imageframe-1"><a href="/wp-content/uploads/2014/11/autohaus.jpg" class="lightbox-shortcode" rel="prettyPhoto"> <img alt="" src="/wp-content/uploads/2014/11/autohaus.jpg"></a></span></div><div class="fusion-clearfix"></div>
