{"id":10963,"date":"2014-11-08T16:56:28","date_gmt":"2014-11-08T14:56:28","guid":{"rendered":"http:\/\/seifried.fabianscheurich.alfahosting.org\/?page_id=10963"},"modified":"2020-03-19T16:15:36","modified_gmt":"2020-03-19T15:15:36","slug":"mietfahrzeuge-abholservice","status":"publish","type":"page","link":"https:\/\/www.autotechnik-seifried.com\/?page_id=10963","title":{"rendered":"Mietfahrzeuge \/ Abholservice"},"content":{"rendered":"<div class=\"fusion-one-half one_half fusion-column\"><div class=\"fusion-title title\"><h1 class=\"title-heading-left\">Mietfahrzeuge<\/h1><div class=\"title-sep-container\"><div class=\"title-sep sep-single\"><\/div><\/div><\/div>Sprechen Sie uns gerne auf unsere Mietfahrzeuge an, wir machen Ihnen ein individuelles Angebot.<\/div><div class=\"fusion-one-half one_half fusion-column last\"><style type=\"text\/css\">.imageframe-1 img{border:0px solid #f6f6f6;}<\/style><span style class=\"fusion-imageframe imageframe imageframe-dropshadow imageframe-1\"> <img src=\"\/wp-content\/uploads\/2014\/11\/mietfahrzeug.jpg\" alt=\"\"><\/span><\/div><div class=\"fusion-clearfix\"><\/div><div class=\"fusion-one-half one_half fusion-column last\"><div class=\"fusion-title title\"><h1 class=\"title-heading-left\">Hol- und Bringservice<\/h1><div class=\"title-sep-container\"><div class=\"title-sep sep-single\"><\/div><\/div><\/div>Inspektion, Reparatur oder Hauptuntersuchung: Ihr Wagen muss in die Werkstatt und Sie haben dringende Termine? Kein Problem!<\/p>\n<p>Auf Wunsch holen wir das Auto bei Ihnen ab und bringen es anschlie\u00dfend wieder zur\u00fcck. Selbstverst\u00e4ndlich mit allen erforderlichen Unterlagen. Und ohne Stress f\u00fcr Sie.<\/p>\n<p>Sollten Sie in dieser Zeit einen Ersatzwagen ben\u00f6tigen, stellen wir Ihnen gerne einen kosteng\u00fcnstig zur Verf\u00fcgung.<\/p>\n<p>Vereinbaren Sie telefonisch einfach einen Abhol- und Service-Termin mit mit uns.<\/div><div class=\"fusion-clearfix\"><\/div>\n","protected":false},"excerpt":{"rendered":"","protected":false},"author":1,"featured_media":0,"parent":0,"menu_order":0,"comment_status":"open","ping_status":"open","template":"","meta":[],"_links":{"self":[{"href":"https:\/\/www.autotechnik-seifried.com\/index.php?rest_route=\/wp\/v2\/pages\/10963"}],"collection":[{"href":"https:\/\/www.autotechnik-seifried.com\/index.php?rest_route=\/wp\/v2\/pages"}],"about":[{"href":"https:\/\/www.autotechnik-seifried.com\/index.php?rest_route=\/wp\/v2\/types\/page"}],"author":[{"embeddable":true,"href":"https:\/\/www.autotechnik-seifried.com\/index.php?rest_route=\/wp\/v2\/users\/1"}],"replies":[{"embeddable":true,"href":"https:\/\/www.autotechnik-seifried.com\/index.php?rest_route=%2Fwp%2Fv2%2Fcomments&post=10963"}],"version-history":[{"count":6,"href":"https:\/\/www.autotechnik-seifried.com\/index.php?rest_route=\/wp\/v2\/pages\/10963\/revisions"}],"predecessor-version":[{"id":11194,"href":"https:\/\/www.autotechnik-seifried.com\/index.php?rest_route=\/wp\/v2\/pages\/10963\/revisions\/11194"}],"wp:attachment":[{"href":"https:\/\/www.autotechnik-seifried.com\/index.php?rest_route=%2Fwp%2Fv2%2Fmedia&parent=10963"}],"curies":[{"name":"wp","href":"https:\/\/api.w.org\/{rel}","templated":true}]}}